ded by 1/(-5) + 16/5.
1
Calculate the remainder when 28 is divided by (10/6)/((-1)/(-6)).
8
Let a(b) = -21*b - 1. Let o(m) = -2*m - 10. Let w be o(-9). Let c(s) = s + 3. Calculate the remainder when a(-2) is divided by c(w).
8
Let d be (-1)/4 - 1/(-4). Suppose -a + 10 = -d*y - y, -y + 1 = 0. Let p = 18 - 12. What is the remainder when a is divided by p?
5
Let g = -57 - -64. Calculate the remainder when g is divided by 6.
1
Let x(p) = -7 - 9*p**2 - p**3 - 5 + 0*p**3 - 12*p + 3. What is the remainder when x(-8) is divided by 8?
7
Suppose 4*l - 22 = -3*m + 24, -m - 3*l = -22. Suppose 4*u + 2*c = 2*u + 82, 2*c + 152 = 4*u. Calculate the remainder when u is divided by m.
9
Let n = -47 - -84. Calculate the remainder when n is divided by 19.
18
Let f(l) = -9*l - 6. Calculate the remainder when 41 is divided by f(-3).
20
Suppose -19 = -3*s - 4. Suppose -3*m = 2*y - 50, 2*y - 8 = s*m + 74. Calculate the remainder when y is divided by 8.
7
Suppose -2*g = -n + 24, -3*n + 5*n + 4*g - 40 = 0. Calculate the remainder when n is divided by 5.
2
Let i = -10 + 31. What is the remainder when i is divided by 11?
10
Let c = -7 + 13. Let j(p) = p**2 - 7*p + 8. Let d be j(6). Suppose d*r = -r + 30. What is the remainder when r is divided by c?
4
Let b(h) = -h**2 + 12*h + 12. Let c be b(9). Suppose 2*k - 12 = -3*u + 16, 0 = 4*u + k - c. What is the remainder when 48 is divided by u?
8
Let t = -72 - -75. Let y be 1 - 1*(-1 + 2). Suppose 1 = f + 2*a - 4*a, y = -3*f - 5*a + 36. Calculate the remainder when f is divided by t.
1
Let t be (-1)/(3/(-21) - 0). Suppose 32 = 3*s - t. What is the remainder when 49 is divided by s?
10
Let c be (-272)/(-85) - 8/(-10). Suppose -5*g = -c*g - 2. Let p(q) = 2*q**2 + 4*q - 1. What is the remainder when p(-3) is divided by g?
1
Suppose 3*m + 6*z - z - 145 = 0, 5*z = -m + 55. Suppose 3*n - m = -2*n. Calculate the remainder when n is divided by 6.
3
What is the remainder when 3 is divided by -1*2*(-3)/6?
0
Let a = 12 - 9. Suppose -175 = -5*d - 5*m, d + 3*d - a*m = 154. Calculate the remainder when d is divided by 13.
11
Let r = -89 + 115. Calculate the remainder when 103 is divided by r.
25
Suppose -12*p + 8*p = -44. Let w(k) = 6*k - 3. What is the remainder when w(4) is divided by p?
10
Suppose -4*i = 15 - 55. What is the remainder when 19 is divided by i?
9
Suppose 0 = m + 3*f - 31, -3*m - 2*m + 2*f + 87 = 0. What is the remainder when 36 is divided by m?
17
Let r = 24 + -30. Suppose 5*w - 191 = -36. Calculate the remainder when w is divided by ((-6)/9)/(r/99).
9
Suppose j + 3*q = 6, 2*j - q - 23 = -4. Suppose 30 = -2*f + 7*f. What is the remainder when j is divided by f?
3
Suppose 3*k = -d + 2, 0 - 4 = d. Suppose -k*x + 16 = o - x, 16 = -4*x. What is the remainder when o is divided by 11?
9
Suppose 0*l = 6*l - 54. Let o = 17 - l. Calculate the remainder when 37 is divided by o.
5
Let c = -50 - -89. Suppose 4*t = 5*k - 0*t - 87, -2*t = 3*k - c. What is the remainder when 43 is divided by k?
13
Suppose v + 0*c + c - 6 = 0, -4*v = -3*c - 10. What is the remainder when 12 is divided by v?
0
Calculate the remainder when 4/(-6)*63/(-6) is divided by 5.
2
Suppose 0 = -3*k - 2 + 17. Let b be (-6)/(3 - k - -3). Let t = 4 - b. What is the remainder when 28 is divided by t?
8
Let w be (-4)/(-5)*(-1 + 11). Suppose 0 = w*z - 51 - 61. Suppose 5*c + 4*j = 204, -c + 3*j + 1 + 36 = 0. Calculate the remainder when c is divided by z.
12
Suppose -3*j + 271 = 97. What is the remainder when j is divided by 15?
13
Suppose 0 = -t + y, -2 = -t + 3*y - 10. What is the remainder when 29 is divided by t?
1
Let w(h) = h**2 + 3*h - 4. Calculate the remainder when w(-6) is divided by 6.
2
Let w(n) = -n - 1. Let m be w(2). Let s = 17 - m. Calculate the remainder when 57 is divided by s.
17
Let j = 2 - 5. What is the remainder when 30 is divided by 16*3*j/(-9)?
14
Suppose 2*s + 0*s = 3*i - 55, -3*i + 53 = -4*s. Suppose -i = -t - 7*f + 4*f, -t + 3*f = -43. Calculate the remainder when t is divided by 8.
7
Let f(w) = w**2 + w + 7. What is the remainder when 109 is divided by f(-6)?
35
Suppose 3*c = 6 + 3. Suppose 7 = 2*k - c. Calculate the remainder when 13 is divided by k.
3
Suppose 3*o + 160 = 5*y, -5*y + 128 = -y - 4*o. Let t = 13 + -8. Suppose 2*r - t = -2*a + 21, 34 = 4*a - 5*r. Calculate the remainder when y is divided by a.
10
Suppose 0 = 5*l - 12 - 3. Suppose -l*a + 6*a - 4*y = 23, 3*y = a - 11. What is the remainder when 19 is divided by a?
4
Let f(w) = 29*w**2. Calculate the remainder when f(-1) is divided by 10.
9
Let q(t) = -t + 24. Suppose -n + 3*n = 14. What is the remainder when q(11) is divided by n?
6
Let w = -24 + 49. Calculate the remainder when w is divided by 14.
11
Let p = 20 - 17. What is the remainder when 9 is divided by p?
0
Let d be 1 - (3 - (-10)/(-2)). Suppose -4*p - 1 - d = 4*k, -3*k = -p + 7. What is the remainder when 3 is divided by p?
0
Suppose 3*q = 3*d - q - 25, -4*q - 16 = 0. Suppose 0 = 3*w + 3 - 27. What is the remainder when w is divided by d?
2
Let z = 111 + -34. Calculate the remainder when z is divided by 16.
13
Let i be 2 + 0/(-1) - -3. Suppose 3*v + i*c + 4 = 0, -3*v = 4*c + 1 + 1. Calculate the remainder when 4 is divided by v.
0
Let j = -15 - -33. What is the remainder when j is divided by 11?
7
Let a = 9 - 2. Let u(i) = i**2 - 6*i + 5. Suppose -28 = -5*m + m. Calculate the remainder when u(m) is divided by a.
5
Let t(x) = x - 4. Let v be t(8). Suppose z - 3*p + 4*p - 5 = 0, p + 10 = v*z. What is the remainder when 4/18 + (-122)/(-18) is divided by z?
1
Let s(h) = -10*h + 7. Calculate the remainder when s(-3) is divided by 10.
7
Suppose 5*d - 18 = 2. Calculate the remainder when d is divided by 2.
0
Suppose 3*p + l + 4*l = -9, -11 = -p + 3*l. What is the remainder when 2 is divided by p?
0
Suppose -p - 5*k + 78 = 0, 224 + 186 = 5*p + 5*k. What is the remainder when p is divided by 21?
20
Suppose -2*j + 16 = -5*f + 2*f, -32 = -4*j - f. What is the remainder when 15 is divided by j?
7
Let f = -43 + 64. What is the remainder when 37 is divided by f?
16
Let p(h) = h**3 - 5*h**2 + 6*h - 2. Let f = -21 + 44. Calculate the remainder when f is divided by p(4).
5
Calculate the remainder when 53 is divided by (24/5)/(27/90).
5
Let a(c) = -c**3 + 8*c**2 + 9*c - 1. Let z be a(9). Let x = z + 8. Calculate the remainder when 26 is divided by x.
5
Suppose -r - 1 = v + 1, 5*r = 4*v + 8. Let i = -3 + r. Calculate the remainder when 46 is divided by 4*-8*i/6.
14
Let k(s) be the third derivative of -s**4/24 + s**3 + 4*s**2. Calculate the remainder when 5 is divided by k(4).
1
What is the remainder when 28/3*(-36)/(-8) is divided by 15?
12
Let b(h) be the second derivative of 2*h**3/3 + 4*h**2 - 2*h. Calculate the remainder when b(7) is divided by 19.
17
Suppose -5*n + 109 = -136. Calculate the remainder when 97 is divided by n.
48
Let b = -3 + 4. Suppose w - b = 3. What is the remainder when w is divided by 3?
1
Let f be (-1 - (0 - 0)) + 6. Let j = f - 2. Calculate the remainder when 5 is divided by j.
2
Suppose -2*x - 5 + 31 = 0. Suppose 3*o + 18 = 3*t, 5 + 21 = 4*t - 5*o. Suppose 5*f - 64 = -c, -c - t*c + 242 = -f. What is the remainder when c is divided by x?
10
Let u(q) = -2*q - 3. Let w be u(-3). Suppose -w*p + 120 = 5*z - p, p + 83 = 4*z. Calculate the remainder when z is divided by 8.
6
Let m be 0*(-2)/(-4)*1. What is the remainder when (-3 - 1)*(-46)/8 is divided by 6 - m - 4/(-2)?
7
Let y(r) = -r**3 + r. Let v be y(-5). Suppose -2*u - 152 = -6*u. Calculate the remainder when u is divided by 3/2*v/9.
18
What is the remainder when 67 is divided by (-3)/((-6)/10*(-25)/(-70))?
11
Let a(b) = -13*b + 1 + b - 6*b - 2*b. What is the remainder when a(-2) is divided by 21?
20
Let b = 112 + -77. Calculate the remainder when 60 is divided by b.
25
Suppose 4*h - 2 = -v, -4*h - 2 = 2*v - 3*v. Suppose v*u = -1 + 17. What is the remainder when 23 is divided by u?
7
Let q(d) = 2*d**2 + 15*d - 97. What is the remainder when q(11) is divided by 12?
10
Suppose 6 = -u + 4*o, -38 = 5*u - 8*u - 2*o. What is the remainder when 58 is divided by u?
8
Let q be (3 + (0 - 10))*-1. Let b(u) = u - 2. What is the remainder when b(q) is divided by 3?
2
Let b be 0/((-3)/3 - 0). Suppose b*f - 42 = -3*f. Calculate the remainder when 41 is divided by f.
13
Suppose